+ (-1 - -2)?
1
Evaluate 8 + -12 + (3 - 7).
-8
What is 11 + 0 - (30 + -23)?
4
What is 31 - 44 - (0 + -9)?
-4
Calculate -1 + (-3 + 1 - 0).
-3
7 + (-2 - 2 - (21 - 18))
0
Calculate 2 + (0 - 6) + -16 + 17.
-3
-13 + 10 + 0 + 1 + 4
2
-17 - -18 - (-1 + 0 + 0)
2
What is the value of 1 + 0 + (-13 - -7)?
-5
What is (-2 - 1) + (10 - 5 - 5)?
-3
What is the value of (12 + -6 - (5 - 0)) + -1?
0
Evaluate 0 - (-10 - (-3 + -8)).
-1
Evaluate -13 + 3 + 5 + 1.
-4
1 - (-1 - -5) - -6 - 3
0
Calculate (4 - 9) + 1 - 2 - -4.
-2
Calculate (4 - 6 - -4) + 2.
4
Evaluate 24 + -22 + 12 + (-5 - 1).
8
Calculate 35 + -35 - (-14 - -5).
9
Evaluate 12 + (-2 - (21 - 11)).
0
What is the value of 5 + 0 + (3 - 14)?
-6
What is (36 - 28 - 1) + 2 + 0?
9
-3 + (0 - -2) - (-2 - 1)
2
What is the value of 0 - (1 - -2 - 3)?
0
5 + (-2 + 0 - (-6 - -6))
3
What is the value of 8 - (14 + -14 + 10)?
-2
Evaluate -6 - ((-9 - -5) + 2).
-4
Calculate 5 + 7 + -14 + (1 - 6).
-7
Evaluate 9 + (-11 - -5) + 1 + -4.
0
What is 3 + (-23 + 7 + 6 - -3)?
-4
Evaluate 0 + 1 - (18 - 12 - 7).
2
1 - ((0 - 0) + (-5 - -8))
-2
-18 - -15 - (0 + -4)
1
What is 3 + -9 + (4 + 0 - 2)?
-4
What is -1 - 7 - (-2 - 0 - 1)?
-5
What is -12 + (-3 - (-17 - -6))?
-4
-1 + 5 - ((-4 - -3) + 3)
2
What is (-3 - -5) + -3 - 3?
-4
What is the value of -13 - (-11 - (-11 - -9))?
-4
(4 - 5) + -3 + 1 + -1
-4
Evaluate (-2 - (-5 + 7)) + 0 + 9.
5
Calculate 4 + 0 + -4 - (-12 + 16).
-4
Evaluate (1 - -1) + (5 - 3) + -5.
-1
What is the value of (-204 - -190) + -1 + 15?
0
Evaluate (-18 - (-41 + 16)) + -1 + 2.
8
What is -3 + 1 - (7 + (2 - 8))?
-3
Evaluate (6 + -9 - -4) + 5.
6
Calculate -1 - -2 - (8 - (-6 + 10)).
-3
What is the value of (5 - (6 + -4)) + 9 + -10?
2
What is the value of 2 + 5 - (28 + -15)?
-6
What is 6 + -4 + -3 - -3?
2
8 + 4 - 5 - (0 - -13)
-6
(9 - 18) + 5 - -3
-1
Calculate -5 + 2 + 2 + 3.
2
Calculate -5 + 10 + -7 - (0 + -2).
0
Evaluate -5 + (0 - -1) + 5.
1
What is the value of (-2 + 6 - (4 - 3)) + -2?
1
Calculate 9 - 0 - (2 - -5).
2
Evaluate 16 + 7 + -11 + -15.
-3
Evaluate 1 + 1 + -3 + 3 + 1.
3
Evaluate 9 - (4 - -6) - (-1 - 1).
1
Calculate 6 - (4 + 6 - 5).
1
-6 + (4 - -2) - -5 - 3
2
(-1 - (-3 + -2)) + (-1 - -2)
5
What is the value of (1 - (-17 + 5)) + -17?
-4
Calculate 0 + 3 - (10 - 11).
4
Evaluate -3 - (4 + -16 + 4).
5
What is -4 + 7 + -19 + 11?
-5
-1 + 4 + 2 + (-8 - 1)
-4
What is the value of 4 + -5 - -1 - 0?
0
What is 0 + ((4 - 10) + 6 - -3)?
3
What is the value of (-4 - 5) + 21 + -4?
8
Calculate -38 + 31 - (-1 + -11 + 2).
3
Calculate 2 + 1 - (5 - (15 - 6)).
7
What is -5 + 3 + 2 - 4?
-4
What is 0 - (-4 - (-9 + 4))?
-1
Calculate 2 + 5 + -1 - 4.
2
What is the value of (7 - (5 - 5)) + -5?
2
What is the value of -5 - (-7 - 1) - 8?
-5
What is -4 - 1 - (-16 + 9) - -3?
5
Evaluate 64 - 71 - (0 + -1).
-6
Calculate 1 - (3 - 3) - (16 + -11).
-4
What is 0 + -4 + (6 - -4)?
6
What is the value of 5 - (7 + -4 - 10) - 6?
6
9 - (2 + -4 - (-5 - -2))
8
Evaluate 16 - 9 - -2 - 8.
1
13 - (2 + 1 - -5)
5
Calculate -6 + (3 - -3) - 4.
-4
What is (27 - 24) + -8 + 2?
-3
Evaluate (2 - -4) + (1 - 3).
4
What is 1 - (7 - 0 - 10)?
4
What is the value of 9 - (-14 - -16) - 14?
-7
8 + -1 - 4 - (5 - -1)
-3
What is 1 + -5 + 4 + -4?
-4
Evaluate 2 + 4 + (-2 - 0).
4
Evaluate (-5 - -1) + 4 + 4.
4
What is 2 + -5 - (22 + -20)?
-5
What is 3 - ((3 - -8) + -5)?
-3
Evaluate -8 + 6 + (-2 - 2) - -6.
0
What is the value of 1 + -1 + 0 - 1?
-1
Calculate 2 + (1 + -4 - 1).
-2
What is 1 - (3 - 11 - -4)?
5
Calculate 5 - (-4 + (11 - 1)).
-1
Calculate (-1 - 3) + (-7 - -16).
5
Calculate (5 - 4) + -6 + 2.
-3
Evaluate 3 + 1 + -1 + -4.
-1
Calculate 2 + -11 + 7 + 8.
6
(-12 - -2) + 1 + -1
-10
-3 + 0 - (-5 + (-2 - -7))
-3
-10 + -4 - (-2 - 6)
-6
-4 + 3 + 1 + -4 + 2
-2
Evaluate 2 + 1 - (-3 + -7 + 9).
4
-10 + 5 - -9 - 7
-3
What is -2 + (3 + -2 + 0 - -1)?
0
What is the value of 2 + 5 + (-3 - -4)?
8
1 + 1 + -10 - (24 + -31)
-1
What is the value of -3 + -5 - (2 + -5)?
-5
Evaluate (-6 - 1 - -12) + (1 - 4).
2
(-8 - 3 - (-9 + 4)) + 3
-3
Calculate -3 + -5 + (5 - -9).
6
What is the value of -11 - -2 - ((4 - 0) + -8)?
-5
Evaluate -149 + 156 + (-1 - 1).
5
Calculate -2 - -3 - (37 + -26).
-10
What is (-4 - (-8 + 4)) + 4 + -4?
0
Calculate 3 - 0 - (3 - (5 + -3)).
2
What is (-3 - (0 - (-4 + 10))) + -2?
1
8 + -2 - (83 - 76)
-1
Calculate 5 - (5 + -2 - (3 + 2)).
7
Evaluate 5 + 5 - 7 - (6 + 2).
-5
6 - 14 - -11 - -3
6
What is the value of -12 - -4 - (-9 + -5)?
6
What is the value of -2 - -10 - 3 - 6?
-1
What is -9 + (-19 + 9 - -10)?
-9
What is 2 + 3 + -3 - (-1 + 2)?
1
10 + -5 - (-2 + 1)
6
What is 8 + 6 + -7 + -1?
6
Calculate 1 - -8 - (14 - 11).
6
What is the value of -7 - (3 + (5 - 10) + -7)?
2
-7 + (0 - -7) - 7
-7
What is the value of -6 - 1 - (-3 + 3 + 2)?
-9
Evaluate -10 + (-8 - -7 - -2) - 0.
-9
What is the value of -3 + -3 + 6 + -2?
-2
Calculate 0 + 3 + (-3 - -1) + 2.
3
What is the value of 1 + 6 - (-2 - -6)?
3
What is the value of (-4 + 0 - -5) + (0 - 0)?
1
Evaluate -168 - -168 - (-1 + -3 + 0).
4
Calculate -2 + ((1 - 4) + 1 - 2).
-6
Evaluate 8 - (-1 - (-6 + -3)).
0
What is the value of (-1 - 13) + 5 + 2 - -3?
-4
What is (1 - -7 - -1) + -8?
1
What is the value of (6 - (1 + -2)) + (-8 - -3)?
2
Calculate 6 + -3 - (-2 - (-4 + -3)).
-2
Evaluate 6 - ((4 - 7) + 7) - 1.
1
Evaluate 50 + -48 + (-2 - -2).
2
What is 7 - 10 - (7 - (6 + -5))?
-9
(-6 + -8 - -6) + 4
-4
Calculate -5 + 7 + -1 + -2 - -4.
3
What is (2 - (-1 - 2)) + (7 - 20)?
-8
(8 - 1) + 3 + -5
5
(0 - (-1 - 8)) + (-5 - -1)
5
Calculate 5 + (-1 - (7 - 5)).
2
What is 5 - 1 - (-9 - -7 - -3)?
3
What is the value of -19 + (0 - -16) + (5 - 1)?
1
What is the value of 6 - (0 - -5) - (1 - 3)?
3
What is (-9 - -3) + (-2 - (1 + -6))?
-3
Evaluate -2 - (-4 + -4 + -2).
8
6 - (-13 - -9 - -13)
-3
Evaluate (23 - 13) + -20 + 7.
-3
What is -9 - (-9 + -4) - (0 + 5)?
-1
Evaluate 6 - (-4 + 5 + (-1 - -1)).
5
Evaluate 0 + 0 - (0 + -2 + 5).
-3
Calculate -2 + 3 + (-17 + 4 - -7).
-5
Evaluate -7 - (11 - 25) - (0 + 1).
6
What is the value of 4 + 0 + -2 + 1?
3
(-10 - (-8 - -7)) + 6 - -6
3
3 - (1 - (4 - 3))
3
Evaluate -7 - -4 - 13 - -8.
-8
What is the value of 1 + 4 + 16 + (-25 - -11)?
7
What is 7 + -3 - 8 - -2 - -2?
0
What is the value of 3 + (0 - 7) + 0 + 0?
-4
What is (13 + -6 - 14) + 7?
0
(0 - -2) + (49 - 47)
4
Evaluate -7 - (7 + -3) - -6.
-5
What is the value of 6 - (4 + -1 + -2 + 3)?
2
Evaluate (-1 + 0 - -4) + -7.
-4
Calculate (5 - 9 - -4 - 7) + 2.
-5
What is the value of -4 + (-9 - -4) + 7 + 10?
8
Evaluate 1 - 1 - (-3 + 1).
2
(4 - 0) + 2 + -11 + -2
-7
(6 - -4) + -5 - 2
3
What is -1 - ((5 - -1) + -5)?
-2
What is (6 - (-1 + 5) - 3) + 9?
8
Calculate 1 - 4 - (-1 - (0 - 0)).
-2
(27 + -35 - (5 + 1)) + 5
-9
Calculate -3 + 4 + 6 + 1.
8
Calculate (5 - 6) + (8 - 4).
3
Evaluate 16 + -21 + -1 + 1.
-5
What is 9 + 2 - 6 - (0 - 3)?
8
Calculate 1 + 2 + -25 + 10 + 8.
-4
Calculate 4 + (-2 - -2 - 7 - -7).
4
What is -2 + 1 - (21 + -20)?
-2
What is the value of (7 - 20 - -8) + 3?
-2
What is 0 - ((8 - (9 + -3)) + -4)?
2
(5 - (1 - -2)) + -4 + 3
1
What is 8 + 14 + -10 + -4?
8
-14 + (17 - (-3 - -8))
-2
What is the value of -7 + 2 + (-3 - -7) + -7?
-8
Evaluate 10 - (0 + (-4 - -9)).
5
What is the value of (2 - 10 - (-11 - -7)) + 2?
-2
0 - (2 - 4) - 4
-2
What is the value of 0 + -2 + -10 + 9 - -2?
-1
Calculate 0 + 5 + (-25 - -22) - -5.
7
Evaluate 1 + -4 + (4 - -6) + -2.
5
0 - -8 - (-19 + -3 - -27)
3
Calculate (-2 - 0 - -9) + -7.
0
Evaluate (-29 - -32) + -1 + 0.
2
0 + 0 + (1 - -1) + -7
-5
Calculate 1 - -4 - (2 - -1).
2
0 + -5 - (1 + -6)
0
(5 - 9) + (9 - 1)
4
Calculate -6 + (0 - -4) + -1.
-3
Evaluate 1 + (-4 - -4) + 3 + -8.
-4
What is -3 - (1 - ((4 - -2) + -1))?
1
What is the value of -7 - (1 + -3 + (1 - 3))?
-3
What is the value of (1 - (8 - 0)) + (14 - 10)?
-3
Evaluate 2 + 1 - (-4 + 12).
-5
What is 7 + 2 + -5 - -2?
6
10 - (7 + 3 - (2 + 2))
4
What is -25 + 19 - (-2 - -1 - 1)?
-4
8 - ((-3 - -1) + 21 + -14)
3
What is the value of (11 - 6) + 1 + 1?
7
What is the value of 17 - (11 + -4) - 3?
7
What is the value of (-6 - -3 - -3) + -1 + -2?
-3
5 + -10 + 5 - 5
-5
Evaluate -3 - (2 + -1 + -1).
-3
Evaluate 2 - -5 - (2 + -1 + 2).
4
What is the value of (1 - -4) + -8 - (6 + -3)?
-6
Calculate (-2 - 3) + 2 - 0.
-3
187 + -190 + (1 - -4) + -1
1
Calculate (22 - 21) + (1 - 4 - 2).
-4
Evaluate -1 + -4 - (6 - (3 - -4)).
-4
Evaluate -3 + (-11 - -